-11)?
5, 11
Let d(b) = -b - 5*b + 5*b - 12 + 4*b. Suppose -14 = -4*y + 46. List the prime factors of d(y).
3, 11
Let g(j) be the second derivative of -5*j**3/6 + 2*j. What are the prime factors of g(-5)?
5
Suppose -2*y + 4*h + 26 = 0, -4*h - 29 = -5*y - 3*h. List the prime factors of 2 + (-20)/y + 13.
11
Let o = -230 - -674. Let b = o + -190. List the prime factors of b.
2, 127
Let s be (-27)/((-3)/(27/(-3))). List the prime factors of s*(-4)/(-24)*-2.
3
Suppose f = 12 + 16. Let l = -17 + f. What are the prime factors of l?
11
Suppose -4*a = a - 285. Suppose -4*s - m = -a, 10 + 53 = 5*s + 4*m. Suppose -17*y + s = -14*y. List the prime factors of y.
5
Let m(o) = 36 - 14 - 15 + 118*o - 10. What are the prime factors of m(1)?
5, 23
Let c = -26 - -28. What are the prime factors of (-5)/c*(-11 + -3)?
5, 7
Suppose -16 + 102 = -3*j - 4*i, -4*j + 4*i - 124 = 0. Suppose 29*p + 390 = 23*p. Let t = j - p. What are the prime factors of t?
5, 7
Let b = -98 - -711. List the prime factors of b.
613
Let n be 190/8*(-76)/(-19). Let y = -14 + n. What are the prime factors of y?
3
Let z = 866 + -262. What are the prime factors of z?
2, 151
Let m(v) be the second derivative of 2*v**3/3 + 6*v. Let l be m(2). What are the prime factors of 462/l + 4/16?
2, 29
Suppose -125256 = -24*z - 10*z. What are the prime factors of z?
2, 3, 307
Let u(k) = k + 4. Let t be 1*9*(-4)/6. Let j be u(t). What are the prime factors of 1*(6 - (-4)/j)?
2
Let g(y) = -y - 19. Let i be g(-15). List the prime factors of (-40 - -41) + -2*578/i.
2, 5, 29
Suppose -3*p + 120 - 27 = 0. Suppose j + 4*c = 237, 5*j - 5*c - p - 1254 = 0. List the prime factors of j.
11, 23
Suppose 5*r + 14 - 334 = -5*x, 2*r - 3*x - 143 = 0. List the prime factors of r.
67
What are the prime factors of ((-9)/(-36)*-174)/(6/(-612))?
3, 17, 29
Suppose 2*g = -2*g + 4*f + 16, 5*g + 20 = -5*f. Let o(k) = -k + 24. List the prime factors of o(g).
2, 3
Let j(c) = -214*c**2 - 2*c. Let y be j(-2). What are the prime factors of (y/30)/((-3)/15)?
2, 71
Let a(t) = 4*t**2 + 9*t - 24. Let y(u) = 10*u**2 + 22*u - 60. Let s(d) = -12*a(d) + 5*y(d). Let v = 20 + -25. List the prime factors of s(v).
2, 7
Let j(c) = c**3 + 5*c**2 - 5*c - 7. Let i be j(-6). Let m = i + 66. Suppose -y = -0*y - m. What are the prime factors of y?
53
Let g = 1262 - 741. List the prime factors of g.
521
Let y(v) be the third derivative of 7*v**4/4 + 7*v**3/6 - 8*v**2. List the prime factors of y(2).
7, 13
Suppose 0 = v + 4*v. Suppose v = -5*n - 6*n + 715. List the prime factors of n.
5, 13
Let q = -248 - -375. List the prime factors of q.
127
Let j(r) = -r**2 - 10*r - 10. Let t be j(-8). Let n = t + -1. What are the prime factors of n?
5
Let b = 2820 + -572. What are the prime factors of b?
2, 281
Let r(d) = -45*d**2 + 2*d + 1. Let j be r(2). Let g = j + 303. What are the prime factors of g?
2
Let p be 7 - ((-3 - 0) + 2). Let q = p + 60. What are the prime factors of q?
2, 17
Suppose q - 960 = -3*v, 4*q - 5*v = -230 + 4019. Suppose 10*p = q - 81. What are the prime factors of p?
3, 29
Let v = 1699 - -66. What are the prime factors of v?
5, 353
List the prime factors of -1*(-1)/((-2)/(-1112)).
2, 139
Suppose -51 = -8*t + 2525. What are the prime factors of t?
2, 7, 23
Let q(c) = 7*c**2 - 15*c + 32. List the prime factors of q(15).
2, 691
Let j = 5646 - 1769. What are the prime factors of j?
3877
Let m(v) = -v**3 - 21*v**2 + 11*v - 37. What are the prime factors of m(-22)?
5, 41
Let k be 5 - 3/(-6)*-4. Let j = k - 10. Let z(y) = -y**2 - 11*y - 6. What are the prime factors of z(j)?
2, 11
Let s(n) = n**2 + 1. Let k be s(-1). What are the prime factors of (4/(k + 2))/(5/210)?
2, 3, 7
Let f(m) = 2*m - 3. Let y be f(-6). Let x(i) = -i**3 - 7*i**2 + 5*i - 5. Let l be x(-8). Let r = y + l. List the prime factors of r.
2
Suppose 0*h + 2*h - 8 = 0. Suppose 0 = 2*b + j - h*j - 393, -b + j + 196 = 0. List the prime factors of b.
3, 5, 13
Suppose 3*m - 42 = 15. Let h = m - 7. List the prime factors of h.
2, 3
Suppose -7*h + 27216 = 5*h. What are the prime factors of h?
2, 3, 7
Let y(v) = -2*v - 11. Let m be y(-6). Suppose 5*b = -3*c + 59, c = b + 2*b + m. Let w = c - -21. What are the prime factors of w?
2, 17
Suppose 22575 - 8415 = 12*h. What are the prime factors of h?
2, 5, 59
Suppose 0*v - 5*d = 4*v + 18, -2*d = -2*v. Let l be (1 - 1) + (-4)/v. Suppose -27 - 11 = -l*x. What are the prime factors of x?
19
Suppose -24*t = -28*t, -t - 12495 = -5*n. List the prime factors of n.
3, 7, 17
Suppose 3*c + 3789 = j, 3*c = -13*j + 17*j - 15165. What are the prime factors of j?
2, 3, 79
Let y = -177 + 105. Let x(d) = -102*d + 4. Let t be x(-1). Let m = t + y. What are the prime factors of m?
2, 17
Let m(b) = b**2 - 15*b + 10. Let z(i) = -i**2 + 8*i - 5. Let c(x) = -4*m(x) - 7*z(x). What are the prime factors of c(2)?
3, 5
Let g(v) = -3 - 7 + 2 + 6*v. Let s be g(8). Let w = -22 + s. What are the prime factors of w?
2, 3
Suppose -3 = 3*h - 21. Let r = h + -3. Suppose 0*s + 3*n + 59 = 2*s, r*n - 3 = 0. What are the prime factors of s?
31
Suppose 0 = 4*c - 5*f - 25690, c = 19*f - 17*f + 6421. What are the prime factors of c?
5, 257
Let c = 10 - 8. Suppose 104 = c*h - 4. Suppose w + w - h = r, 0 = -2*r - 8. What are the prime factors of w?
5
Let h be 1 + (-3 - -6) + (-4)/1. List the prime factors of (3 + h)*-56*(-5)/6.
2, 5, 7
Let j be 14/(-35) + 34/10. Suppose 0 = j*u - 7*u + 104. Let c = u - 2. List the prime factors of c.
2, 3
Let m = -17 + 51. List the prime factors of 1 + 3 + -5 + m.
3, 11
Let h = 19 - 15. Let a be -11*(-1 + h + -4). Suppose 8*b = a*b - 18. List the prime factors of b.
2, 3
Let m(p) = p**3 + p**2 + 5*p - 7. Let r(z) = -z**3 - 2*z**2 - 5*z + 8. Let y(h) = 5*m(h) + 4*r(h). List the prime factors of y(3).
2, 3
Let u = -73 + 75. Suppose -u*i + 366 = 2*t, 3*t + 2*i - 146 = 405. What are the prime factors of t?
5, 37
Suppose 5*l = 4*k + 29, 3*k + 0 = l - 8. Suppose n = -0*n - l. List the prime factors of 14 + (n - (-3 + 1)).
11
Suppose -2*u = 3*z - 496, 0 = 4*z - 5*z - 5*u + 174. Suppose 0*f + 5*x = -4*f + z, 3*f = 4*x + 92. List the prime factors of f.
2, 3
Let m = -184 + 680. What are the prime factors of m?
2, 31
Suppose -68 = -18*w + 22*w. List the prime factors of 15/(-3)*w*1.
5, 17
Let y be (0 + 1)/((-13)/(-1781)). What are the prime factors of (15 - y)*(1 - (-5)/(-2))?
3, 61
Suppose 17*q + 27945 = 40*q. List the prime factors of q.
3, 5
Suppose -6*i + 17*i - 10197 = 0. What are the prime factors of i?
3, 103
Let n(v) = -81*v**3 - 2*v**2 + v + 2. Suppose 3*z + 4 = z - y, -3*z - 7 = 2*y. List the prime factors of n(z).
2, 5
Let b = 70 + -122. Let x = -7 - b. List the prime factors of x.
3, 5
Let a be (-2808)/(-16)*(-2)/(-3). Suppose -a = -k + 15. What are the prime factors of k?
2, 3, 11
Suppose -4*p - 16*p = -2320. Suppose -3*n + 470 = p. List the prime factors of n.
2, 59
Let g = 301 - -130. List the prime factors of g.
431
Let q be ((-2)/(-5))/((-262)/(-130) - 2). Suppose 21*i = q*i - 595. What are the prime factors of i?
7, 17
Let m = 632 - 438. What are the prime factors of m?
2, 97
Suppose -64*x = 8*x - 170568. What are the prime factors of x?
23, 103
Let l(x) = 3*x**2 + 7*x - 4. List the prime factors of l(18).
2, 547
Suppose -4*p - 5*i = 96, 0*p + 3*i + 48 = -2*p. Let s = 15 - p. List the prime factors of s.
3, 13
Suppose -6*l + 4*v = -19130, 3*l + 2*v - 12758 = -l. List the prime factors of l.
3, 1063
Let p(k) = 442*k - 318. What are the prime factors of p(4)?
2, 5, 29
Suppose -3*y + 4*t + 574 = 0, 5*t - 421 = y - 3*y. What are the prime factors of y?
2, 3, 11
Suppose 0 = 3*d + 2*k - 651, 0 = 4*d - 5*k - 1015 + 147. What are the prime factors of d?
7, 31
Let x be 2*(-3 - -1)/(-2). Suppose l + x*l = 27. List the prime factors of (-3)/(l/(-21)) - 2.
5
Suppose 5*m = u + 4655, -5*u + u = 5*m - 4655. What are the prime factors of m?
7, 19
Let d = 562 - -75. List the prime factors of d.
7, 13
Let r(s) = s**3 - 8*s**2 - 11*s - 4. Let d = 32 - 22. What are the prime factors of r(d)?
2, 43
Suppose 4*l = -p + 467, 12*l - 1387 = -3*p + 14*l. What are the prime factors of p?
463
List the prime factors of (-10)/((-70)/4949) - -4.
3, 79
Suppose 11 = 5*v - 2*z, -v = -3*v + 3*z. Suppose 5*r = w + 2*r - 2, -3*r + v = 0. Suppose -3*t = 3*i - 135, 2*i - w = -15. What ar